[INFO] fetching crate everything-sys-bindgen 0.1.5...
[INFO] checking everything-sys-bindgen-0.1.5 against master#9610dfe5a9a731ced1ea4923ecbd0c57fe367898 for beta-170-4
[INFO] extracting crate everything-sys-bindgen 0.1.5 into /workspace/builds/worker-6-tc1/source
[INFO] validating manifest of crates.io crate everything-sys-bindgen 0.1.5 on toolchain 9610dfe5a9a731ced1ea4923ecbd0c57fe367898
[INFO] running `Command { std: CARGO_HOME="/workspace/cargo-home" RUSTUP_HOME="/workspace/rustup-home" "/workspace/cargo-home/bin/cargo" "+9610dfe5a9a731ced1ea4923ecbd0c57fe367898" "metadata" "--manifest-path" "Cargo.toml" "--no-deps", kill_on_drop: false }`
[INFO] started tweaking crates.io crate everything-sys-bindgen 0.1.5
[INFO] finished tweaking crates.io crate everything-sys-bindgen 0.1.5
[INFO] tweaked toml for crates.io crate everything-sys-bindgen 0.1.5 written to /workspace/builds/worker-6-tc1/source/Cargo.toml
[INFO] running `Command { std: CARGO_HOME="/workspace/cargo-home" RUSTUP_HOME="/workspace/rustup-home" __CARGO_TEST_CHANNEL_OVERRIDE_DO_NOT_USE_THIS="nightly" "/workspace/cargo-home/bin/cargo" "+9610dfe5a9a731ced1ea4923ecbd0c57fe367898" "generate-lockfile" "--manifest-path" "Cargo.toml" "-Zno-index-update", kill_on_drop: false }`
[INFO] running `Command { std: CARGO_HOME="/workspace/cargo-home" RUSTUP_HOME="/workspace/rustup-home" "/workspace/cargo-home/bin/cargo" "+9610dfe5a9a731ced1ea4923ecbd0c57fe367898" "fetch" "--manifest-path" "Cargo.toml", kill_on_drop: false }`
[INFO] [stderr]  Downloading crates ...
[INFO] [stderr]   Downloaded prettyplease v0.2.6
[INFO] [stderr]   Downloaded bindgen v0.65.1
[INFO] [stderr]   Downloaded clang-sys v1.6.1
[INFO] running `Command { std: "docker" "create" "-v" "/var/lib/crater-agent-workspace/builds/worker-6-tc1/target:/opt/rustwide/target:rw,Z" "-v" "/var/lib/crater-agent-workspace/builds/worker-6-tc1/source:/opt/rustwide/workdir:ro,Z" "-v" "/var/lib/crater-agent-workspace/cargo-home:/opt/rustwide/cargo-home:ro,Z" "-v" "/var/lib/crater-agent-workspace/rustup-home:/opt/rustwide/rustup-home:ro,Z" "-e" "SOURCE_DIR=/opt/rustwide/workdir" "-e" "CARGO_TARGET_DIR=/opt/rustwide/target" "-e" "CARGO_HOME=/opt/rustwide/cargo-home" "-e" "RUSTUP_HOME=/opt/rustwide/rustup-home" "-w" "/opt/rustwide/workdir" "-m" "1610612736" "--user" "0:0" "--network" "none" "ghcr.io/rust-lang/crates-build-env/linux@sha256:19e73879b68f455e41552ea35293514db52ea292d993f571636dbffedb77a1ee" "/opt/rustwide/cargo-home/bin/cargo" "+9610dfe5a9a731ced1ea4923ecbd0c57fe367898" "metadata" "--no-deps" "--format-version=1", kill_on_drop: false }`
[INFO] [stdout] be3527a93d5e75684386df78769c50ee1817e9231fc456cd49db48f0f7512a32
[INFO] running `Command { std: "docker" "start" "-a" "be3527a93d5e75684386df78769c50ee1817e9231fc456cd49db48f0f7512a32", kill_on_drop: false }`
[INFO] running `Command { std: "docker" "inspect" "be3527a93d5e75684386df78769c50ee1817e9231fc456cd49db48f0f7512a32", kill_on_drop: false }`
[INFO] running `Command { std: "docker" "rm" "-f" "be3527a93d5e75684386df78769c50ee1817e9231fc456cd49db48f0f7512a32", kill_on_drop: false }`
[INFO] [stdout] be3527a93d5e75684386df78769c50ee1817e9231fc456cd49db48f0f7512a32
[INFO] running `Command { std: "docker" "create" "-v" "/var/lib/crater-agent-workspace/builds/worker-6-tc1/target:/opt/rustwide/target:rw,Z" "-v" "/var/lib/crater-agent-workspace/builds/worker-6-tc1/source:/opt/rustwide/workdir:ro,Z" "-v" "/var/lib/crater-agent-workspace/cargo-home:/opt/rustwide/cargo-home:ro,Z" "-v" "/var/lib/crater-agent-workspace/rustup-home:/opt/rustwide/rustup-home:ro,Z" "-e" "SOURCE_DIR=/opt/rustwide/workdir" "-e" "CARGO_TARGET_DIR=/opt/rustwide/target" "-e" "CARGO_INCREMENTAL=0" "-e" "RUST_BACKTRACE=full" "-e" "RUSTFLAGS=--cap-lints=forbid" "-e" "RUSTDOCFLAGS=--cap-lints=forbid" "-e" "CARGO_HOME=/opt/rustwide/cargo-home" "-e" "RUSTUP_HOME=/opt/rustwide/rustup-home" "-w" "/opt/rustwide/workdir" "-m" "1610612736" "--user" "0:0" "--network" "none" "ghcr.io/rust-lang/crates-build-env/linux@sha256:19e73879b68f455e41552ea35293514db52ea292d993f571636dbffedb77a1ee" "/opt/rustwide/cargo-home/bin/cargo" "+9610dfe5a9a731ced1ea4923ecbd0c57fe367898" "check" "--frozen" "--all" "--all-targets" "--message-format=json", kill_on_drop: false }`
[INFO] [stdout] 1d05399bfcd394732ef5933aa1f3fb23c217564a7573fb68692a6765867a276e
[INFO] running `Command { std: "docker" "start" "-a" "1d05399bfcd394732ef5933aa1f3fb23c217564a7573fb68692a6765867a276e", kill_on_drop: false }`
[INFO] [stderr]    Compiling proc-macro2 v1.0.59
[INFO] [stderr]    Compiling glob v0.3.1
[INFO] [stderr]    Compiling prettyplease v0.2.6
[INFO] [stderr]    Compiling quote v1.0.28
[INFO] [stderr]    Compiling memchr v2.5.0
[INFO] [stderr]    Compiling minimal-lexical v0.2.1
[INFO] [stderr]    Compiling libloading v0.7.4
[INFO] [stderr]    Compiling log v0.4.18
[INFO] [stderr]    Compiling regex-syntax v0.7.2
[INFO] [stderr]    Compiling bindgen v0.65.1
[INFO] [stderr]    Compiling either v1.8.1
[INFO] [stderr]    Compiling which v4.4.0
[INFO] [stderr]    Compiling peeking_take_while v0.1.2
[INFO] [stderr]    Compiling lazycell v1.3.0
[INFO] [stderr]    Compiling rustc-hash v1.1.0
[INFO] [stderr]    Compiling nom v7.1.3
[INFO] [stderr]    Compiling shlex v1.1.0
[INFO] [stderr]    Compiling clang-sys v1.6.1
[INFO] [stderr]    Compiling syn v2.0.18
[INFO] [stderr]     Checking widestring v1.0.2
[INFO] [stderr]    Compiling regex v1.8.3
[INFO] [stderr]    Compiling cexpr v0.6.0
[INFO] [stderr]    Compiling everything-sys-bindgen v0.1.5 (/opt/rustwide/workdir)
[INFO] [stdout] warning: unused import: `std::env`
[INFO] [stdout]  --> build.rs:1:5
[INFO] [stdout]   |
[INFO] [stdout] 1 | use std::env;
[INFO] [stdout]   |     ^^^^^^^^
[INFO] [stdout]   |
[INFO] [stdout]   = note: `#[warn(unused_imports)]` on by default
[INFO] [stdout] 
[INFO] [stdout] 
[INFO] [stdout] warning: 1 warning emitted
[INFO] [stdout] 
[INFO] [stdout] 
[INFO] [stdout] error[E0412]: cannot find type `DWORD` in this scope
[INFO] [stdout]   --> src/lib.rs:20:22
[INFO] [stdout]    |
[INFO] [stdout] 20 |         let version: DWORD;
[INFO] [stdout]    |                      ^^^^^ not found in this scope
[INFO] [stdout] 
[INFO] [stdout] 
[INFO] [stdout] error[E0412]: cannot find type `DWORD` in this scope
[INFO] [stdout]   --> src/lib.rs:58:26
[INFO] [stdout]    |
[INFO] [stdout] 58 |         let num_results: DWORD;
[INFO] [stdout]    |                          ^^^^^ not found in this scope
[INFO] [stdout] 
[INFO] [stdout] 
[INFO] [stdout] error[E0412]: cannot find type `DWORD` in this scope
[INFO] [stdout]   --> src/lib.rs:72:20
[INFO] [stdout]    |
[INFO] [stdout] 72 |         let index: DWORD = 0;
[INFO] [stdout]    |                    ^^^^^ not found in this scope
[INFO] [stdout] 
[INFO] [stdout] 
[INFO] [stdout] error[E0412]: cannot find type `DWORD` in this scope
[INFO] [stdout]   --> src/lib.rs:84:20
[INFO] [stdout]    |
[INFO] [stdout] 84 |         let index: DWORD = 0;
[INFO] [stdout]    |                    ^^^^^ not found in this scope
[INFO] [stdout] 
[INFO] [stdout] 
[INFO] [stdout] error[E0412]: cannot find type `DWORD` in this scope
[INFO] [stdout]   --> src/lib.rs:96:20
[INFO] [stdout]    |
[INFO] [stdout] 96 |         let index: DWORD = 0;
[INFO] [stdout]    |                    ^^^^^ not found in this scope
[INFO] [stdout] 
[INFO] [stdout] 
[INFO] [stdout] error[E0412]: cannot find type `WCHAR` in this scope
[INFO] [stdout]   --> src/lib.rs:97:19
[INFO] [stdout]    |
[INFO] [stdout] 97 |         let buf: [WCHAR; 260] = [0; 260];
[INFO] [stdout]    |                   ^^^^^ not found in this scope
[INFO] [stdout] 
[INFO] [stdout] 
[INFO] [stdout] error[E0412]: cannot find type `DWORD` in this scope
[INFO] [stdout]   --> src/lib.rs:98:19
[INFO] [stdout]    |
[INFO] [stdout] 98 |         let size: DWORD;
[INFO] [stdout]    |                   ^^^^^ not found in this scope
[INFO] [stdout] 
[INFO] [stdout] 
[INFO] [stdout] error[E0412]: cannot find type `DWORD` in this scope
[INFO] [stdout]    --> src/lib.rs:104:30
[INFO] [stdout]     |
[INFO] [stdout] 104 |                 buf.len() as DWORD,
[INFO] [stdout]     |                              ^^^^^ not found in this scope
[INFO] [stdout] 
[INFO] [stdout] 
[INFO] [stdout] warning: unused import: `super::*`
[INFO] [stdout]   --> src/lib.rs:10:9
[INFO] [stdout]    |
[INFO] [stdout] 10 |     use super::*;
[INFO] [stdout]    |         ^^^^^^^^
[INFO] [stdout]    |
[INFO] [stdout]    = note: `#[warn(unused_imports)]` on by default
[INFO] [stdout] 
[INFO] [stdout] 
[INFO] [stdout] error[E0425]: cannot find function, tuple struct or tuple variant `Everything_GetMajorVersion` in this scope
[INFO] [stdout]   --> src/lib.rs:23:23
[INFO] [stdout]    |
[INFO] [stdout] 23 |             version = Everything_GetMajorVersion();
[INFO] [stdout]    |                       ^^^^^^^^^^^^^^^^^^^^^^^^^^ not found in this scope
[INFO] [stdout] 
[INFO] [stdout] 
[INFO] [stdout] error[E0425]: cannot find function, tuple struct or tuple variant `Everything_SetSearchW` in this scope
[INFO] [stdout]   --> src/lib.rs:35:13
[INFO] [stdout]    |
[INFO] [stdout] 35 |             Everything_SetSearchW(wide_search_string.as_ptr());
[INFO] [stdout]    |             ^^^^^^^^^^^^^^^^^^^^^ not found in this scope
[INFO] [stdout] 
[INFO] [stdout] 
[INFO] [stdout] error[E0425]: cannot find function, tuple struct or tuple variant `Everything_SetSearchW` in this scope
[INFO] [stdout]   --> src/lib.rs:44:13
[INFO] [stdout]    |
[INFO] [stdout] 44 |             Everything_SetSearchW(wide_search_string.as_ptr());
[INFO] [stdout]    |             ^^^^^^^^^^^^^^^^^^^^^ not found in this scope
[INFO] [stdout] 
[INFO] [stdout] 
[INFO] [stdout] error[E0425]: cannot find function, tuple struct or tuple variant `Everything_QueryW` in this scope
[INFO] [stdout]   --> src/lib.rs:45:26
[INFO] [stdout]    |
[INFO] [stdout] 45 |             let result = Everything_QueryW(1);
[INFO] [stdout]    |                          ^^^^^^^^^^^^^^^^^ not found in this scope
[INFO] [stdout] 
[INFO] [stdout] 
[INFO] [stdout] error[E0425]: cannot find function, tuple struct or tuple variant `Everything_GetNumResults` in this scope
[INFO] [stdout]   --> src/lib.rs:62:27
[INFO] [stdout]    |
[INFO] [stdout] 62 |             num_results = Everything_GetNumResults();
[INFO] [stdout]    |                           ^^^^^^^^^^^^^^^^^^^^^^^^ not found in this scope
[INFO] [stdout] 
[INFO] [stdout] 
[INFO] [stdout] error[E0425]: cannot find function, tuple struct or tuple variant `Everything_GetResultPathW` in this scope
[INFO] [stdout]   --> src/lib.rs:76:22
[INFO] [stdout]    |
[INFO] [stdout] 76 |             result = Everything_GetResultPathW(index);
[INFO] [stdout]    |                      ^^^^^^^^^^^^^^^^^^^^^^^^^ not found in this scope
[INFO] [stdout] 
[INFO] [stdout] 
[INFO] [stdout] error[E0425]: cannot find function, tuple struct or tuple variant `Everything_GetResultFileNameW` in this scope
[INFO] [stdout]   --> src/lib.rs:88:22
[INFO] [stdout]    |
[INFO] [stdout] 88 |             result = Everything_GetResultFileNameW(index);
[INFO] [stdout]    |                      ^^^^^^^^^^^^^^^^^^^^^^^^^^^^^ not found in this scope
[INFO] [stdout] 
[INFO] [stdout] 
[INFO] [stdout] error[E0425]: cannot find function, tuple struct or tuple variant `Everything_GetResultFullPathNameW` in this scope
[INFO] [stdout]    --> src/lib.rs:101:20
[INFO] [stdout]     |
[INFO] [stdout] 101 |             size = Everything_GetResultFullPathNameW(
[INFO] [stdout]     |                    ^^^^^^^^^^^^^^^^^^^^^^^^^^^^^^^^^ not found in this scope
[INFO] [stdout] 
[INFO] [stdout] 
[INFO] [stdout] error[E0425]: cannot find function, tuple struct or tuple variant `Everything_Reset` in this scope
[INFO] [stdout]    --> src/lib.rs:114:13
[INFO] [stdout]     |
[INFO] [stdout] 114 |             Everything_Reset();
[INFO] [stdout]     |             ^^^^^^^^^^^^^^^^ not found in this scope
[INFO] [stdout] 
[INFO] [stdout] 
[INFO] [stdout] error: aborting due to 17 previous errors; 1 warning emitted
[INFO] [stdout] 
[INFO] [stdout] 
[INFO] [stdout] Some errors have detailed explanations: E0412, E0425.
[INFO] [stdout] 
[INFO] [stdout] For more information about an error, try `rustc --explain E0412`.
[INFO] [stdout] 
[INFO] [stderr] error: could not compile `everything-sys-bindgen` (lib test) due to 18 previous errors; 1 warning emitted
[INFO] running `Command { std: "docker" "inspect" "1d05399bfcd394732ef5933aa1f3fb23c217564a7573fb68692a6765867a276e", kill_on_drop: false }`
[INFO] running `Command { std: "docker" "rm" "-f" "1d05399bfcd394732ef5933aa1f3fb23c217564a7573fb68692a6765867a276e", kill_on_drop: false }`
[INFO] [stdout] 1d05399bfcd394732ef5933aa1f3fb23c217564a7573fb68692a6765867a276e
